{"id":36,"date":"2026-04-17T18:32:09","date_gmt":"2026-04-17T10:32:09","guid":{"rendered":"https:\/\/littletikes-us.com\/?post_type=product&#038;p=36"},"modified":"2026-04-17T18:35:02","modified_gmt":"2026-04-17T10:35:02","slug":"story-dream-machine-coleccion-gran-tiburon-pequeno-tiburon-de-random-house","status":"publish","type":"product","link":"https:\/\/littletikes-us.com\/index.php\/product\/story-dream-machine-coleccion-gran-tiburon-pequeno-tiburon-de-random-house\/","title":{"rendered":"Story Dream Machine\u2122 Colecci\u00f3n Gran Tibur\u00f3n, Peque\u00f1o Tibur\u00f3n de Random House"},"content":{"rendered":"<p><span class=\"HwtZe\" lang=\"es\"><span class=\"jCAhz ChMk0b\"><span class=\"ryNqvb\">La colecci\u00f3n Gran Tibur\u00f3n, Peque\u00f1o Tibur\u00f3n de Random House para la m\u00e1quina de cuentos Story Dream Machine de Little Tikes incluye 3 historias y 1 figura de Gran Tibur\u00f3n que proyecta efectos de luz en modo luz nocturna.<\/span><\/span><\/span><\/p>\n<p><span class=\"HwtZe\" lang=\"es\"><span class=\"jCAhz ChMk0b\"><span class=\"ryNqvb\">La Story Dream Machine desarrolla las habilidades de lectura iniciales, ya que los ni\u00f1os ven y escuchan las palabras y pueden leer junto con el narrador mientras las palabras y las im\u00e1genes se proyectan brillantemente en la pared.<\/span><\/span> <span class=\"jCAhz ChMk0b\"><span class=\"ryNqvb\">Los ni\u00f1os se divertir\u00e1n viendo las luces de colores y escuchando los efectos de sonido.<\/span><\/span><span class=\"jCAhz ChMk0b\"><span class=\"ryNqvb\"> <\/span><\/span><\/span><\/p>\n<p><span class=\"HwtZe\" lang=\"es\"><span class=\"jCAhz ChMk0b\"><span class=\"ryNqvb\">La biblioteca de colecciones de cuentos, en constante expansi\u00f3n, ofrece una gran variedad para elegir y se puede adquirir por separado.<\/span><\/span> <span class=\"jCAhz ChMk0b\"><span class=\"ryNqvb\">Mantente al tanto de las novedades.<\/span><\/span><\/span><\/p>\n","protected":false},"excerpt":{"rendered":"<p>La colecci\u00f3n Gran Tibur\u00f3n, Peque\u00f1o Tibur\u00f3n de Random House para la m\u00e1quina de cuentos Story Dream Machine de Little Tikes incluye 3 historias y 1 figura de Gran Tibur\u00f3n que proyecta efectos de luz en modo luz nocturna. La Story Dream Machine desarrolla las habilidades de lectura iniciales, ya que los ni\u00f1os ven y escuchan [&#8230;]\n","protected":false},"featured_media":130,"comment_status":"closed","ping_status":"closed","template":"","meta":[],"product_brand":[],"product_cat":[15],"product_tag":[17,18,19,20,21,23,24,25,26,71,72],"class_list":{"0":"post-36","1":"product","2":"type-product","3":"status-publish","4":"has-post-thumbnail","6":"product_cat-uncategorized","7":"product_tag-age3-years","8":"product_tag-ats","9":"product_tag-bundlebuild-your-own-bundle15","10":"product_tag-bundlebuild-your-own-story-dream-machine-book-bundle10","11":"product_tag-categoryelectronics","12":"product_tag-categorytech-toys","13":"product_tag-collectionstory-dream-machine","14":"product_tag-collectionstory-dream-machine-books","15":"product_tag-collectionstory-dream-machine-literary-classics","16":"product_tag-f23","17":"product_tag-spanish","19":"first","20":"instock","21":"shipping-taxable","22":"purchasable","23":"product-type-simple"},"_links":{"self":[{"href":"https:\/\/littletikes-us.com\/index.php\/wp-json\/wp\/v2\/product\/36","targetHints":{"allow":["GET"]}}],"collection":[{"href":"https:\/\/littletikes-us.com\/index.php\/wp-json\/wp\/v2\/product"}],"about":[{"href":"https:\/\/littletikes-us.com\/index.php\/wp-json\/wp\/v2\/types\/product"}],"replies":[{"embeddable":true,"href":"https:\/\/littletikes-us.com\/index.php\/wp-json\/wp\/v2\/comments?post=36"}],"wp:featuredmedia":[{"embeddable":true,"href":"https:\/\/littletikes-us.com\/index.php\/wp-json\/wp\/v2\/media\/130"}],"wp:attachment":[{"href":"https:\/\/littletikes-us.com\/index.php\/wp-json\/wp\/v2\/media?parent=36"}],"wp:term":[{"taxonomy":"product_brand","embeddable":true,"href":"https:\/\/littletikes-us.com\/index.php\/wp-json\/wp\/v2\/product_brand?post=36"},{"taxonomy":"product_cat","embeddable":true,"href":"https:\/\/littletikes-us.com\/index.php\/wp-json\/wp\/v2\/product_cat?post=36"},{"taxonomy":"product_tag","embeddable":true,"href":"https:\/\/littletikes-us.com\/index.php\/wp-json\/wp\/v2\/product_tag?post=36"}],"curies":[{"name":"wp","href":"https:\/\/api.w.org\/{rel}","templated":true}]}}