{"id":38,"date":"2026-04-17T18:32:10","date_gmt":"2026-04-17T10:32:10","guid":{"rendered":"https:\/\/littletikes-us.com\/?post_type=product&#038;p=38"},"modified":"2026-04-17T18:35:23","modified_gmt":"2026-04-17T10:35:23","slug":"story-dream-machine-coleccion-de-heroes-de-paw-patrol-de-paramount","status":"publish","type":"product","link":"https:\/\/littletikes-us.com\/index.php\/product\/story-dream-machine-coleccion-de-heroes-de-paw-patrol-de-paramount\/","title":{"rendered":"Story Dream Machine\u2122 Colecci\u00f3n de h\u00e9roes de Paw Patrol de Paramount"},"content":{"rendered":"<p><span class=\"HwtZe\" lang=\"es\"><span class=\"jCAhz ChMk0b\"><span class=\"ryNqvb\">\u00a1\u00danete al equipo de la Patrulla Canina en emocionantes aventuras con la M\u00e1quina de Cuentos Little Tikes Paramount PAW Patrol Hero Collection!<\/span><\/span> <span class=\"jCAhz ChMk0b\"><span class=\"ryNqvb\">Este set interactivo incluye 3 historias llenas de acci\u00f3n de la Patrulla Canina y una figura de Chase que, con sus vibrantes efectos de luz, convierte la hora de dormir en un momento m\u00e1gico.<\/span><\/span><span class=\"jCAhz ChMk0b\"><span class=\"ryNqvb\"> <\/span><\/span><\/span><\/p>\n<p><span class=\"HwtZe\" lang=\"es\"><span class=\"jCAhz ChMk0b\"><span class=\"ryNqvb\">Dise\u00f1ada para desarrollar las habilidades de lectura temprana, la M\u00e1quina de Cuentos proyecta palabras e im\u00e1genes en la pared, permitiendo que los ni\u00f1os sigan la narraci\u00f3n mientras disfrutan de coloridas im\u00e1genes y divertidos efectos de sonido.<\/span><\/span><\/span><\/p>\n<p><span class=\"HwtZe\" lang=\"es\"><span class=\"jCAhz ChMk0b\"><span class=\"ryNqvb\">Con una biblioteca de cuentos en constante expansi\u00f3n (se venden por separado), los ni\u00f1os podr\u00e1n seguir descubriendo nuevas aventuras con sus personajes favoritos.<\/span><\/span> <span class=\"jCAhz ChMk0b\"><span class=\"ryNqvb\">\u00a1No te pierdas las pr\u00f3ximas novedades!<\/span><\/span><\/span><\/p>\n","protected":false},"excerpt":{"rendered":"<p>\u00a1\u00danete al equipo de la Patrulla Canina en emocionantes aventuras con la M\u00e1quina de Cuentos Little Tikes Paramount PAW Patrol Hero Collection! Este set interactivo incluye 3 historias llenas de acci\u00f3n de la Patrulla Canina y una figura de Chase que, con sus vibrantes efectos de luz, convierte la hora de dormir en un momento [&#8230;]\n","protected":false},"featured_media":140,"comment_status":"closed","ping_status":"closed","template":"","meta":[],"product_brand":[],"product_cat":[15],"product_tag":[17,18,19,20,21,23,24,25,75,76,77,72],"class_list":{"0":"post-38","1":"product","2":"type-product","3":"status-publish","4":"has-post-thumbnail","6":"product_cat-uncategorized","7":"product_tag-age3-years","8":"product_tag-ats","9":"product_tag-bundlebuild-your-own-bundle15","10":"product_tag-bundlebuild-your-own-story-dream-machine-book-bundle10","11":"product_tag-categoryelectronics","12":"product_tag-categorytech-toys","13":"product_tag-collectionstory-dream-machine","14":"product_tag-collectionstory-dream-machine-books","15":"product_tag-collectionstory-dream-machine-paw-patrol","16":"product_tag-ele","17":"product_tag-f24","18":"product_tag-spanish","20":"first","21":"instock","22":"shipping-taxable","23":"purchasable","24":"product-type-simple"},"_links":{"self":[{"href":"https:\/\/littletikes-us.com\/index.php\/wp-json\/wp\/v2\/product\/38","targetHints":{"allow":["GET"]}}],"collection":[{"href":"https:\/\/littletikes-us.com\/index.php\/wp-json\/wp\/v2\/product"}],"about":[{"href":"https:\/\/littletikes-us.com\/index.php\/wp-json\/wp\/v2\/types\/product"}],"replies":[{"embeddable":true,"href":"https:\/\/littletikes-us.com\/index.php\/wp-json\/wp\/v2\/comments?post=38"}],"wp:featuredmedia":[{"embeddable":true,"href":"https:\/\/littletikes-us.com\/index.php\/wp-json\/wp\/v2\/media\/140"}],"wp:attachment":[{"href":"https:\/\/littletikes-us.com\/index.php\/wp-json\/wp\/v2\/media?parent=38"}],"wp:term":[{"taxonomy":"product_brand","embeddable":true,"href":"https:\/\/littletikes-us.com\/index.php\/wp-json\/wp\/v2\/product_brand?post=38"},{"taxonomy":"product_cat","embeddable":true,"href":"https:\/\/littletikes-us.com\/index.php\/wp-json\/wp\/v2\/product_cat?post=38"},{"taxonomy":"product_tag","embeddable":true,"href":"https:\/\/littletikes-us.com\/index.php\/wp-json\/wp\/v2\/product_tag?post=38"}],"curies":[{"name":"wp","href":"https:\/\/api.w.org\/{rel}","templated":true}]}}